2 + 12*f + 12. Let r be p(10). Suppose a - r = -z, -k*z = a + 2*a - 102. What is the remainder when a is divided by 15?
14
Suppose 8 = 2*o + 2*o. Suppose 0*d - 5*i = -o*d - 16, d - 6 = -i. What is the remainder when 6 is divided by d?
0
Let u be (-2 + 1)*4 - -202. Suppose -7*o = -10*o + u. Calculate the remainder when o is divided by 17.
15
Let f = 57 + -28. What is the remainder when 115 is divided by f?
28
Suppose 3*b - 62 = b - 3*x, x = -b + 30. Calculate the remainder when 107 is divided by b.
23
Suppose 8*v - 13*v = -245. Let c = -35 + v. What is the remainder when (1 + 122)*1/3 is divided by c?
13
Let k = 1 - -2. Suppose 0*c = -5*c + 30. What is the remainder when c is divided by ((-6)/(-7))/(k/14)?
2
Suppose 3*y - 6 = 6. Calculate the remainder when 31 is divided by y.
3
Suppose -u = z - 3*z, 5*u = -3*z - 13. Let w be -1*u/(-1)*-2. Suppose -w*b = b - 145. What is the remainder when b is divided by 10?
9
Let x = 29 + 42. Suppose -3*r + 2*r = -x. Calculate the remainder when r is divided by 24.
23
Let n = -3 - -9. What is the remainder when (-44)/(-5) - (-5)/25 is divided by n?
3
Let l = 9 - 36. Let a = -11 - l. Calculate the remainder when a is divided by 9.
7
Let a(q) = 9*q + 33 + 9*q - 29. Calculate the remainder when a(4) is divided by 26.
24
Let r(w) = -1 - w**2 + 4*w - 2 + 4. What is the remainder when 7 is divided by r(3)?
3
What is the remainder when 218 is divided by (-2)/5 - (-4 + (-1028)/20)?
53
Let r = 6 - 4. Suppose -5*f - 31 = -4*y, -y + r*f + 14 = y. What is the remainder when 6 is divided by y?
2
Suppose 0 = 3*g + 2*d - 68, 0 = -5*g - 3*d + 2*d + 111. Let b = -4 + 24. Calculate the remainder when b is divided by 738/66 + (-4)/g.
9
Suppose 40 = 3*x + 2*h + 2*h, -x + 26 = -5*h. Suppose -x = -5*o + 9. Suppose 7 = g - o. What is the remainder when g is divided by 7?
5
Let y(v) = 6*v - 8. Let l be y(4). Let i = -5 + l. What is the remainder when 43 is divided by i?
10
Let x(v) = 2*v**3 - 3*v**2 + 5*v - 2. Let c(l) = l**3 - 9*l**2 - 8*l - 6. What is the remainder when x(3) is divided by c(10)?
12
Let f = -44 - -91. Calculate the remainder when f is divided by 1/(-1 - 13/(-12)).
11
Let m = 209 + -149. Calculate the remainder when m is divided by 9.
6
Let z(q) = -q**3 + 3*q**2 - 10. Let d = 16 + 10. Calculate the remainder when z(-4) is divided by d.
24
Let x(q) be the second derivative of 5/3*q**3 - 1/12*q**4 + 0 + 6*q**2 - q. Calculate the remainder when 40 is divided by x(9).
19
Suppose y - 95 = -4*y. Calculate the remainder when 35 is divided by y.
16
Let t = -20 + 29. What is the remainder when 23 is divided by t?
5
Let q = -3 - -9. Let f = -3 + q. Suppose v = f*s - 4*v - 26, 2*v + 24 = 2*s. Calculate the remainder when s is divided by 9.
8
What is the remainder when ((-45)/20)/(6/(-80)) is divided by 8?
6
Suppose -8*z + 190 + 442 = 0. Calculate the remainder when z is divided by 21.
16
Let z = 53 - 3. Suppose 18 = 2*r - 20. Suppose -d + r = -7. Calculate the remainder when z is divided by d.
24
Let b(w) = 7*w - 25. What is the remainder when 13 is divided by b(5)?
3
Suppose 80 = -3*s + 8*s. Suppose 0 = y - 5*u - 61, 5*y - 3*u + 8*u - 215 = 0. Calculate the remainder when y is divided by s.
14
Let g be (-8)/(-36) - 752/(-18). Suppose 4*p + 35 = 3*b, 2*b + p - g = -p. What is the remainder when (-5)/15 + 302/6 is divided by b?
16
Suppose -22 = -2*q - 0*q. Calculate the remainder when 20 is divided by q.
9
What is the remainder when 23 is divided by (-34)/(-8) + (-9)/36?
3
Let o be 8*(3 - 2) - -1. Suppose 0 = -3*s - a + 38, -2*a - 27 = -2*s + o. What is the remainder when s is divided by 3?
2
Suppose -5*z = -f - 16, 4*z = -3*f - 1 + 10. Suppose z + 3 = 2*g. Calculate the remainder when 14 is divided by 4/(g/2 + -1).
6
Suppose -4*k = -5*f - 47, 0 = 2*f - 7*f + 25. Calculate the remainder when 51 is divided by k.
15
Let o = 33 + -16. Suppose d - 6 = -0*d. Calculate the remainder when 3*68/d + -2 is divided by o.
15
Suppose 5*y = -5*v + 690, 4*v - 4*y - 540 = -2*y. What is the remainder when v is divided by 14?
10
Let z = -9 + -7. Let d = 24 + z. Suppose -i + 0*i = -d. What is the remainder when 22 is divided by i?
6
Let v(i) = -i**2 + 16*i - 40. What is the remainder when 24 + (1 - (1 - -2)) is divided by v(12)?
6
Let k(m) = -m**3 - 8*m**2 - m + 10. Let s be k(-8). Let r = -15 + s. Calculate the remainder when 11 is divided by r.
2
Let u = 30 + -19. Calculate the remainder when 43 is divided by u.
10
Let x(i) = -5*i - 20. What is the remainder when 17 is divided by x(-6)?
7
Let c(b) = -b**2 + 7*b + 8. Let f be c(6). Let r be (-1 + 0)/((-2)/f). Suppose -3*j = -r*j + 20. What is the remainder when j is divided by 4?
1
Suppose d + 4*q - 53 = -14, 2*d = -4*q + 66. Suppose -4*x + 28 + 36 = 0. Let t = d - x. What is the remainder when 20 is divided by t?
9
What is the remainder when 114 is divided by (0 - 1/(-3))/(9/783)?
27
Suppose -u - 2*u - 3*q + 36 = 0, 4*q + 2 = u. Suppose 4*l = -2*g - 16, -2*g - l - u = l. What is the remainder when 3/(3/g + 2) is divided by 4?
2
Suppose 0*a + 5*a + 10 = 0. Suppose 5*s - 103 = -k, 4*s - 5*s = 3*k - 29. What is the remainder when s is divided by (-11)/(a*(-3)/(-6))?
9
Let x(t) = 12 + t - 3*t - t**2 + t**3 + t + 0*t. What is the remainder when 35 is divided by x(0)?
11
Let t(s) = 2*s**2 - s + 1. Let k = -8 + 6. What is the remainder when t(2) is divided by (k/6)/((-4)/36)?
1
Let w = 22 + -31. What is the remainder when 3 is divided by (-4)/6 + (-24)/w?
1
Let j = 249 + -178. Calculate the remainder when j is divided by 37.
34
Suppose 4 = f + 2*a, -f - 3*a - 2*a + 7 = 0. Suppose f*h + h - 15 = 0. Let s = 9 - 1. Calculate the remainder when s is divided by h.
3
Suppose 60 = -5*t - 5*s, 4*s + 4 = -2*t - 10. Let g = t - -20. What is the remainder when 3 is divided by g?
0
Suppose 0*b - 10 = -2*b. Suppose -42 = 58*q - 60*q. Calculate the remainder when q is divided by b.
1
Suppose -15 = -4*j + j - l, 2*j = 2*l + 2. Let p(h) = h**3 + 2*h**2 - 2*h - 1. What is the remainder when j is divided by p(-2)?
1
Suppose 2*l = -2*f - 0*l + 2, -5*f + 21 = l. Suppose -36 = -m - 5*b, -m - 2*b + 3 = -18. Calculate the remainder when m is divided by f.
1
Let n(c) = -c**3 - c**2 + c + 11. Let i be n(0). Suppose 13 = 4*o - i. Let x(f) = -f**2 + 10*f - 7. Calculate the remainder when 50 is divided by x(o).
16
Suppose 2*s + 1 = 17. What is the remainder when -1*(272/(-9) + 2/9) is divided by s?
6
Let g = 4 + 7. Suppose 0 = u + 1, -2*h = 3*u - 0*u - 3. Calculate the remainder when g is divided by h.
2
Let t be (0 + (1 - 0))*21. Suppose 4*x + t = 117. Let j(u) = u**3 + 4*u**2 + 1. Calculate the remainder when x is divided by j(-2).
6
Suppose 0*s + 4 = 2*s. Calculate the remainder when (-44)/(-10) + 9/15 is divided by s.
1
Suppose 0 = -17*v + 14*v + 102. Calculate the remainder when v is divided by ((-2)/5)/((-2)/60).
10
Let m be 1/(-2) + 219/6. Suppose 0 = -5*x + 4*t + m, -2*t - 2*t - 4 = 3*x. What is the remainder when 3/(-6) + (-54)/(-4) is divided by x?
1
Let h(w) = 2*w + 5. Suppose 0 = y + 4, -3*s - 3*y - 14 = -4*s. Suppose 2*x + 5*g = s*g + 22, g + 1 = x. Calculate the remainder when h(7) is divided by x.
4
Let u(j) = j**3 + 8*j**2 + 5*j - 17. Calculate the remainder when (-3)/(-1 + (-84)/(-86)) is divided by u(-5).
30
Suppose 4*n = -2*r + 32, -5*n + 28 = r - 0*r. What is the remainder when r is divided by 5?
3
Suppose -5*l - 10 = -4*p, 5*l + 3*p - 12 = 13. Calculate the remainder when ((-4)/8)/(2/(-16)) is divided by 0 - (l + -5*1).
1
Let g = 133 + -115. What is the remainder when 139 is divided by g?
13
Suppose -596 = 37*l - 39*l. Calculate the remainder when l is divided by 12.
10
Calculate the remainder when -94*((-3)/(-2) - 2) is divided by 17.
13
Let p(a) = 2*a**2 + 11*a - 2. Calculate the remainder when 10 is divided by p(-6).
2
Let l be -3 + -1*3/(-1). Suppose 5*u - 3*u - 10 = l. What is the remainder when 9 is divided by u?
4
Let f be (-15)/(-10)*(-10)/3. Let c = 28 + f. Calculate the remainder when c is divided by 13.
10
Let g be 2/7 - (-136)/14. Suppose -4*z = 2*q + 21 - 5, 4*q + 32 = -5*z. Let d = g + q. What is the remainder when 7 is divided by d?
1
Let v = 37 - 7. Suppose f = 4*r - 212, 0 = -r - f + 5 + 48. Let y = r - v. What is the remainder when y is divided by 8?
7
Let v be 2/(-2)*(2 + -2). Let f =